{"id":814,"date":"2025-11-04T20:33:28","date_gmt":"2025-11-04T20:33:28","guid":{"rendered":"https:\/\/congopubservice.com\/?page_id=814"},"modified":"2025-11-04T20:57:47","modified_gmt":"2025-11-04T20:57:47","slug":"optimisation-pour-les-moteurs-de-recherche-seo","status":"publish","type":"page","link":"https:\/\/congopubservice.com\/index.php\/optimisation-pour-les-moteurs-de-recherche-seo\/","title":{"rendered":"Optimisation pour les moteurs de recherche (SEO)"},"content":{"rendered":"\t\t<div data-elementor-type=\"wp-page\" data-elementor-id=\"814\" class=\"elementor elementor-814\">\n\t\t\t\t<div class=\"elementor-element elementor-element-268a354 e-flex e-con-boxed e-con e-parent\" data-id=\"268a354\" data-element_type=\"container\">\n\t\t\t\t\t<div class=\"e-con-inner\">\n\t\t\t\t<div class=\"elementor-element elementor-element-82c03e2 elementor-widget elementor-widget-heading\" data-id=\"82c03e2\" data-element_type=\"widget\" data-widget_type=\"heading.default\">\n\t\t\t\t<div class=\"elementor-widget-container\">\n\t\t\t\t\t<h1 class=\"elementor-heading-title elementor-size-default\">Optimisation pour les moteurs de recherche (SEO) : un levier essentiel pour booster votre visibilit\u00e9 en ligne<\/h1>\t\t\t\t<\/div>\n\t\t\t\t<\/div>\n\t\t\t\t\t<\/div>\n\t\t\t\t<\/div>\n\t\t<div class=\"elementor-element elementor-element-b5806d6 e-flex e-con-boxed e-con e-parent\" data-id=\"b5806d6\" data-element_type=\"container\" data-settings=\"{&quot;background_background&quot;:&quot;classic&quot;}\">\n\t\t\t\t\t<div class=\"e-con-inner\">\n\t\t\t\t\t<\/div>\n\t\t\t\t<\/div>\n\t\t<div class=\"elementor-element elementor-element-bea48c6 e-flex e-con-boxed e-con e-parent\" data-id=\"bea48c6\" data-element_type=\"container\">\n\t\t\t\t\t<div class=\"e-con-inner\">\n\t\t\t\t<div class=\"elementor-element elementor-element-5c943ce elementor-widget elementor-widget-text-editor\" data-id=\"5c943ce\" data-element_type=\"widget\" data-widget_type=\"text-editor.default\">\n\t\t\t\t<div class=\"elementor-widget-container\">\n\t\t\t\t\t\t\t\t\t<p>Aujourd&rsquo;hui, \u00eatre pr\u00e9sent sur internet ne suffit plus. Il faut surtout \u00eatre visible. Et c&rsquo;est l\u00e0 qu&rsquo;intervient le SEO (Search Engine Optimization), ou optimisation pour les moteurs de recherche. Chez Congo pub service, nous consid\u00e9rons le SEO comme l&rsquo;un des piliers de toute strat\u00e9gie digitale performante.<\/p><ol><li>Qu&rsquo;est-ce que le SEO ?<\/li><\/ol><p>Le SEO regroupe un ensemble de techniques qui permettent d&rsquo;am\u00e9liorer la position d&rsquo;un site web dans les r\u00e9sultats des moteurs de recherche comme Google.<\/p><p>L&rsquo;objectif est simple: appara\u00eetre parmi les premiers r\u00e9sultats lorsque vos clients potentiels recherchent vos produits ou services en ligne.<\/p><p>Concr\u00e8tement, le SEO s&rsquo;appuie sur trois grands piliers:<\/p><ul><li><strong>Le contenu<\/strong>: produire des textes clairs, pertinents et utiles pour l&rsquo;utilisateur;<\/li><li><strong>La technique<\/strong>: garantir que le site soit rapide, bien structur\u00e9 et adapt\u00e9 aux appareils mobiles;<\/li><li><strong>La popularit\u00e9<\/strong>: obtenir des liens et mentions d&rsquo;autres sites cr\u00e9dibles pour renforcer la notori\u00e9t\u00e9 du v\u00f4tre.<\/li><\/ul><p>\u00a0 2. \u00a0Pourquoi le SEO est-il indispensable pour votre entreprise ?<\/p><p>\u00c0 Kinshasa comme ailleurs, les internautes recherchent d&rsquo;abord sur Google avant d&rsquo;acheter, s&rsquo;informer ou contacter une marque. Si votre entreprise n&rsquo;appara\u00eet pas dans ces premiers r\u00e9sultats, vous laissez la place \u00e0 vos concurrents.<\/p><p>Voici quelques b\u00e9n\u00e9fices concrets du SEO :<\/p><ul><li><strong>Plus de visibilit\u00e9<\/strong>: votre marque est trouv\u00e9e plus facilement;<\/li><li><strong>Trafic qualifi\u00e9<\/strong>: les visiteurs qui arrivent sur votre site sont d\u00e9j\u00e0 int\u00e9ress\u00e9s par vos services;<\/li><li><strong>Cr\u00e9dibilit\u00e9<\/strong> : un bon positionnement inspire confiance;<\/li><li><strong>Rentabilit\u00e9<\/strong> : contrairement \u00e0 la publicit\u00e9 payante, le SEO agit sur le long terme sans co\u00fbts publicitaires permanents.<\/li><\/ul>\t\t\t\t\t\t\t\t<\/div>\n\t\t\t\t<\/div>\n\t\t\t\t\t<\/div>\n\t\t\t\t<\/div>\n\t\t<div class=\"elementor-element elementor-element-e20eb6f e-flex e-con-boxed e-con e-parent\" data-id=\"e20eb6f\" data-element_type=\"container\" data-settings=\"{&quot;background_background&quot;:&quot;classic&quot;}\">\n\t\t\t\t\t<div class=\"e-con-inner\">\n\t\t\t\t\t<\/div>\n\t\t\t\t<\/div>\n\t\t<div class=\"elementor-element elementor-element-d64346f e-flex e-con-boxed e-con e-parent\" data-id=\"d64346f\" data-element_type=\"container\">\n\t\t\t\t\t<div class=\"e-con-inner\">\n\t\t\t\t<div class=\"elementor-element elementor-element-4dc9c13 elementor-widget elementor-widget-heading\" data-id=\"4dc9c13\" data-element_type=\"widget\" data-widget_type=\"heading.default\">\n\t\t\t\t<div class=\"elementor-widget-container\">\n\t\t\t\t\t<h2 class=\"elementor-heading-title elementor-size-default\">Les \u00e9tapes cl\u00e9s d'une strat\u00e9gie SEO efficace <\/h2>\t\t\t\t<\/div>\n\t\t\t\t<\/div>\n\t\t\t\t<div class=\"elementor-element elementor-element-229535b elementor-widget elementor-widget-text-editor\" data-id=\"229535b\" data-element_type=\"widget\" data-widget_type=\"text-editor.default\">\n\t\t\t\t<div class=\"elementor-widget-container\">\n\t\t\t\t\t\t\t\t\t<p>Chez Congo pub service, nous accompagnons nos clients \u00e0 travers une approche personnalis\u00e9e, adapt\u00e9e \u00e0 leur secteur et \u00e0 leurs objectifs. Voici les \u00e9tapes essentielles :<\/p><ol><li>Audit SEO complet : analyse du site web, des mots cl\u00e9s et de la concurrence;<\/li><li>Optimisation technique : am\u00e9lioration du code, de la vitesse et de la comptabilit\u00e9 mobile;<\/li><li>Cr\u00e9ation de contenu optimis\u00e9 : articles de blog, pages de service, fiches produits, etc.<\/li><li>Netlinking et e-r\u00e9putation : renforcement de l&rsquo;autorit\u00e9 du site web;<\/li><li>Suivi et ajustement: mesure des r\u00e9sultats \u00e0 l&rsquo;aide d&rsquo;outils d&rsquo;analyse (Google Analytics, Search Console&#8230;)<\/li><\/ol>\t\t\t\t\t\t\t\t<\/div>\n\t\t\t\t<\/div>\n\t\t\t\t<div class=\"elementor-element elementor-element-d9b4a96 elementor-widget elementor-widget-heading\" data-id=\"d9b4a96\" data-element_type=\"widget\" data-widget_type=\"heading.default\">\n\t\t\t\t<div class=\"elementor-widget-container\">\n\t\t\t\t\t<h2 class=\"elementor-heading-title elementor-size-default\">Le SEO, un investissement durable<\/h2>\t\t\t\t<\/div>\n\t\t\t\t<\/div>\n\t\t\t\t<div class=\"elementor-element elementor-element-03c3820 elementor-widget elementor-widget-text-editor\" data-id=\"03c3820\" data-element_type=\"widget\" data-widget_type=\"text-editor.default\">\n\t\t\t\t<div class=\"elementor-widget-container\">\n\t\t\t\t\t\t\t\t\t<p>Le r\u00e9f\u00e9rencement naturel est un travail de fond, mais ses effets sont durable. Contrairement \u00e0 une bonne strat\u00e9gie SEO continue \u00e0 attirer des visiteurs, m\u00eame des mois apr\u00e8s son lancement.<\/p><p>C&rsquo;est un investissement strat\u00e9gique pour toute entreprise congolaises souhaitant b\u00e2tir une pr\u00e9sence digitale solide et conqu\u00e9rir de nouveaux march\u00e9s.<\/p>\t\t\t\t\t\t\t\t<\/div>\n\t\t\t\t<\/div>\n\t\t\t\t<div class=\"elementor-element elementor-element-a706786 elementor-widget elementor-widget-heading\" data-id=\"a706786\" data-element_type=\"widget\" data-widget_type=\"heading.default\">\n\t\t\t\t<div class=\"elementor-widget-container\">\n\t\t\t\t\t<h2 class=\"elementor-heading-title elementor-size-default\">Congo pub service, votre partenaire SEO \"Made in Congo\"<\/h2>\t\t\t\t<\/div>\n\t\t\t\t<\/div>\n\t\t\t\t<div class=\"elementor-element elementor-element-7c492dc elementor-widget elementor-widget-text-editor\" data-id=\"7c492dc\" data-element_type=\"widget\" data-widget_type=\"text-editor.default\">\n\t\t\t\t<div class=\"elementor-widget-container\">\n\t\t\t\t\t\t\t\t\t<p>Chez Congo pub service, nous croyons que chaque marque congolaise m\u00e9rite d&rsquo;\u00eatre visible \u00e0 la hauteur de son potentiel. Notre \u00e9quipe met en \u0153uvre des strat\u00e9gies SEO sur mesure, adapt\u00e9es \u00e0 votre march\u00e9 local et r\u00e9gional.<\/p><p>Devenez visible. Gagner en cr\u00e9dibilit\u00e9. Attirez plus de clients. Contactez Congo pub service d\u00e8s aujourd&rsquo;hui pour booster votre r\u00e9f\u00e9rencement naturel et donner \u00e0 votre marque la place qu&rsquo;elle m\u00e9rite sur le web.<\/p>\t\t\t\t\t\t\t\t<\/div>\n\t\t\t\t<\/div>\n\t\t\t\t\t<\/div>\n\t\t\t\t<\/div>\n\t\t<div class=\"elementor-element elementor-element-f7c4c78 e-flex e-con-boxed e-con e-parent\" data-id=\"f7c4c78\" data-element_type=\"container\">\n\t\t\t\t\t<div class=\"e-con-inner\">\n\t\t\t\t<div class=\"elementor-element elementor-element-5071f25 elementor-widget elementor-widget-hubspot-form\" data-id=\"5071f25\" data-element_type=\"widget\" data-widget_type=\"hubspot-form.default\">\n\t\t\t\t<div class=\"elementor-widget-container\">\n\t\t\t\t\t\n\t\t\t<div\n\t\t\tclass=\"hs-form-frame\"\n\t\t\tdata-region=\"eu1\"\n\t\t\tdata-form-id=\"7a37df67-9034-476f-8f48-f40c0e50961d\"\n\t\t\tdata-portal-id=\"147137140\"\n\t\t\t >\n\t\t\t<\/div>\n\t\t\t\t\t\t\t<\/div>\n\t\t\t\t<\/div>\n\t\t\t\t\t<\/div>\n\t\t\t\t<\/div>\n\t\t\t\t<\/div>\n\t\t","protected":false},"excerpt":{"rendered":"<p>Optimisation pour les moteurs de recherche (SEO) : un levier essentiel pour booster votre visibilit\u00e9 en ligne Aujourd&rsquo;hui, \u00eatre pr\u00e9sent sur internet ne suffit plus. Il faut surtout \u00eatre visible. Et c&rsquo;est l\u00e0 qu&rsquo;intervient le SEO (Search Engine Optimization), ou optimisation pour les moteurs de recherche. Chez Congo pub service, nous consid\u00e9rons le SEO comme&#8230;<\/p>\n","protected":false},"author":1,"featured_media":0,"parent":0,"menu_order":0,"comment_status":"closed","ping_status":"closed","template":"","meta":{"content-type":"","_kad_post_transparent":"","_kad_post_title":"hide","_kad_post_layout":"fullwidth","_kad_post_sidebar_id":"","_kad_post_content_style":"unboxed","_kad_post_vertical_padding":"hide","_kad_post_feature":"hide","_kad_post_feature_position":"","_kad_post_header":false,"_kad_post_footer":false,"footnotes":""},"class_list":["post-814","page","type-page","status-publish","hentry"],"yoast_head":"<!-- This site is optimized with the Yoast SEO plugin v26.2 - https:\/\/yoast.com\/wordpress\/plugins\/seo\/ -->\n<title>Optimisation pour les moteurs de recherche (SEO) - Congo pub service<\/title>\n<meta name=\"robots\" content=\"index, follow, max-snippet:-1, max-image-preview:large, max-video-preview:-1\" \/>\n<link rel=\"canonical\" href=\"https:\/\/congopubservice.com\/index.php\/optimisation-pour-les-moteurs-de-recherche-seo\/\" \/>\n<meta property=\"og:locale\" content=\"fr_FR\" \/>\n<meta property=\"og:type\" content=\"article\" \/>\n<meta property=\"og:title\" content=\"Optimisation pour les moteurs de recherche (SEO) - Congo pub service\" \/>\n<meta property=\"og:description\" content=\"Optimisation pour les moteurs de recherche (SEO) : un levier essentiel pour booster votre visibilit\u00e9 en ligne Aujourd&rsquo;hui, \u00eatre pr\u00e9sent sur internet ne suffit plus. Il faut surtout \u00eatre visible. Et c&rsquo;est l\u00e0 qu&rsquo;intervient le SEO (Search Engine Optimization), ou optimisation pour les moteurs de recherche. Chez Congo pub service, nous consid\u00e9rons le SEO comme...\" \/>\n<meta property=\"og:url\" content=\"https:\/\/congopubservice.com\/index.php\/optimisation-pour-les-moteurs-de-recherche-seo\/\" \/>\n<meta property=\"og:site_name\" content=\"Congo pub service\" \/>\n<meta property=\"article:publisher\" content=\"https:\/\/web.facebook.com\/profile.php?id=61579789588127\" \/>\n<meta property=\"article:modified_time\" content=\"2025-11-04T20:57:47+00:00\" \/>\n<meta property=\"og:image\" content=\"https:\/\/congopubservice.com\/wp-content\/uploads\/2025\/06\/a-cps-logo-mod.png\" \/>\n\t<meta property=\"og:image:width\" content=\"612\" \/>\n\t<meta property=\"og:image:height\" content=\"792\" \/>\n\t<meta property=\"og:image:type\" content=\"image\/png\" \/>\n<meta name=\"twitter:card\" content=\"summary_large_image\" \/>\n<meta name=\"twitter:label1\" content=\"Dur\u00e9e de lecture estim\u00e9e\" \/>\n\t<meta name=\"twitter:data1\" content=\"3 minutes\" \/>\n<script type=\"application\/ld+json\" class=\"yoast-schema-graph\">{\"@context\":\"https:\/\/schema.org\",\"@graph\":[{\"@type\":\"WebPage\",\"@id\":\"https:\/\/congopubservice.com\/index.php\/optimisation-pour-les-moteurs-de-recherche-seo\/\",\"url\":\"https:\/\/congopubservice.com\/index.php\/optimisation-pour-les-moteurs-de-recherche-seo\/\",\"name\":\"Optimisation pour les moteurs de recherche (SEO) - Congo pub service\",\"isPartOf\":{\"@id\":\"https:\/\/congopubservice.com\/#website\"},\"datePublished\":\"2025-11-04T20:33:28+00:00\",\"dateModified\":\"2025-11-04T20:57:47+00:00\",\"breadcrumb\":{\"@id\":\"https:\/\/congopubservice.com\/index.php\/optimisation-pour-les-moteurs-de-recherche-seo\/#breadcrumb\"},\"inLanguage\":\"fr-FR\",\"potentialAction\":[{\"@type\":\"ReadAction\",\"target\":[\"https:\/\/congopubservice.com\/index.php\/optimisation-pour-les-moteurs-de-recherche-seo\/\"]}]},{\"@type\":\"BreadcrumbList\",\"@id\":\"https:\/\/congopubservice.com\/index.php\/optimisation-pour-les-moteurs-de-recherche-seo\/#breadcrumb\",\"itemListElement\":[{\"@type\":\"ListItem\",\"position\":1,\"name\":\"Accueil\",\"item\":\"https:\/\/congopubservice.com\/\"},{\"@type\":\"ListItem\",\"position\":2,\"name\":\"Optimisation pour les moteurs de recherche (SEO)\"}]},{\"@type\":\"WebSite\",\"@id\":\"https:\/\/congopubservice.com\/#website\",\"url\":\"https:\/\/congopubservice.com\/\",\"name\":\"Congo pub service\",\"description\":\"&quot;plus qu&#039;une agence, un levier de croissance&quot;\",\"publisher\":{\"@id\":\"https:\/\/congopubservice.com\/#organization\"},\"potentialAction\":[{\"@type\":\"SearchAction\",\"target\":{\"@type\":\"EntryPoint\",\"urlTemplate\":\"https:\/\/congopubservice.com\/?s={search_term_string}\"},\"query-input\":{\"@type\":\"PropertyValueSpecification\",\"valueRequired\":true,\"valueName\":\"search_term_string\"}}],\"inLanguage\":\"fr-FR\"},{\"@type\":\"Organization\",\"@id\":\"https:\/\/congopubservice.com\/#organization\",\"name\":\"Congo pub service\",\"url\":\"https:\/\/congopubservice.com\/\",\"logo\":{\"@type\":\"ImageObject\",\"inLanguage\":\"fr-FR\",\"@id\":\"https:\/\/congopubservice.com\/#\/schema\/logo\/image\/\",\"url\":\"https:\/\/congopubservice.com\/wp-content\/uploads\/2025\/06\/a-cps-logo-mod.png\",\"contentUrl\":\"https:\/\/congopubservice.com\/wp-content\/uploads\/2025\/06\/a-cps-logo-mod.png\",\"width\":612,\"height\":792,\"caption\":\"Congo pub service\"},\"image\":{\"@id\":\"https:\/\/congopubservice.com\/#\/schema\/logo\/image\/\"},\"sameAs\":[\"https:\/\/web.facebook.com\/profile.php?id=61579789588127\",\"https:\/\/www.linkedin.com\/feed\/\"]}]}<\/script>\n<!-- \/ Yoast SEO plugin. -->","yoast_head_json":{"title":"Optimisation pour les moteurs de recherche (SEO) - Congo pub service","robots":{"index":"index","follow":"follow","max-snippet":"max-snippet:-1","max-image-preview":"max-image-preview:large","max-video-preview":"max-video-preview:-1"},"canonical":"https:\/\/congopubservice.com\/index.php\/optimisation-pour-les-moteurs-de-recherche-seo\/","og_locale":"fr_FR","og_type":"article","og_title":"Optimisation pour les moteurs de recherche (SEO) - Congo pub service","og_description":"Optimisation pour les moteurs de recherche (SEO) : un levier essentiel pour booster votre visibilit\u00e9 en ligne Aujourd&rsquo;hui, \u00eatre pr\u00e9sent sur internet ne suffit plus. Il faut surtout \u00eatre visible. Et c&rsquo;est l\u00e0 qu&rsquo;intervient le SEO (Search Engine Optimization), ou optimisation pour les moteurs de recherche. Chez Congo pub service, nous consid\u00e9rons le SEO comme...","og_url":"https:\/\/congopubservice.com\/index.php\/optimisation-pour-les-moteurs-de-recherche-seo\/","og_site_name":"Congo pub service","article_publisher":"https:\/\/web.facebook.com\/profile.php?id=61579789588127","article_modified_time":"2025-11-04T20:57:47+00:00","og_image":[{"width":612,"height":792,"url":"https:\/\/congopubservice.com\/wp-content\/uploads\/2025\/06\/a-cps-logo-mod.png","type":"image\/png"}],"twitter_card":"summary_large_image","twitter_misc":{"Dur\u00e9e de lecture estim\u00e9e":"3 minutes"},"schema":{"@context":"https:\/\/schema.org","@graph":[{"@type":"WebPage","@id":"https:\/\/congopubservice.com\/index.php\/optimisation-pour-les-moteurs-de-recherche-seo\/","url":"https:\/\/congopubservice.com\/index.php\/optimisation-pour-les-moteurs-de-recherche-seo\/","name":"Optimisation pour les moteurs de recherche (SEO) - Congo pub service","isPartOf":{"@id":"https:\/\/congopubservice.com\/#website"},"datePublished":"2025-11-04T20:33:28+00:00","dateModified":"2025-11-04T20:57:47+00:00","breadcrumb":{"@id":"https:\/\/congopubservice.com\/index.php\/optimisation-pour-les-moteurs-de-recherche-seo\/#breadcrumb"},"inLanguage":"fr-FR","potentialAction":[{"@type":"ReadAction","target":["https:\/\/congopubservice.com\/index.php\/optimisation-pour-les-moteurs-de-recherche-seo\/"]}]},{"@type":"BreadcrumbList","@id":"https:\/\/congopubservice.com\/index.php\/optimisation-pour-les-moteurs-de-recherche-seo\/#breadcrumb","itemListElement":[{"@type":"ListItem","position":1,"name":"Accueil","item":"https:\/\/congopubservice.com\/"},{"@type":"ListItem","position":2,"name":"Optimisation pour les moteurs de recherche (SEO)"}]},{"@type":"WebSite","@id":"https:\/\/congopubservice.com\/#website","url":"https:\/\/congopubservice.com\/","name":"Congo pub service","description":"&quot;plus qu&#039;une agence, un levier de croissance&quot;","publisher":{"@id":"https:\/\/congopubservice.com\/#organization"},"potentialAction":[{"@type":"SearchAction","target":{"@type":"EntryPoint","urlTemplate":"https:\/\/congopubservice.com\/?s={search_term_string}"},"query-input":{"@type":"PropertyValueSpecification","valueRequired":true,"valueName":"search_term_string"}}],"inLanguage":"fr-FR"},{"@type":"Organization","@id":"https:\/\/congopubservice.com\/#organization","name":"Congo pub service","url":"https:\/\/congopubservice.com\/","logo":{"@type":"ImageObject","inLanguage":"fr-FR","@id":"https:\/\/congopubservice.com\/#\/schema\/logo\/image\/","url":"https:\/\/congopubservice.com\/wp-content\/uploads\/2025\/06\/a-cps-logo-mod.png","contentUrl":"https:\/\/congopubservice.com\/wp-content\/uploads\/2025\/06\/a-cps-logo-mod.png","width":612,"height":792,"caption":"Congo pub service"},"image":{"@id":"https:\/\/congopubservice.com\/#\/schema\/logo\/image\/"},"sameAs":["https:\/\/web.facebook.com\/profile.php?id=61579789588127","https:\/\/www.linkedin.com\/feed\/"]}]}},"_links":{"self":[{"href":"https:\/\/congopubservice.com\/index.php\/wp-json\/wp\/v2\/pages\/814","targetHints":{"allow":["GET"]}}],"collection":[{"href":"https:\/\/congopubservice.com\/index.php\/wp-json\/wp\/v2\/pages"}],"about":[{"href":"https:\/\/congopubservice.com\/index.php\/wp-json\/wp\/v2\/types\/page"}],"author":[{"embeddable":true,"href":"https:\/\/congopubservice.com\/index.php\/wp-json\/wp\/v2\/users\/1"}],"replies":[{"embeddable":true,"href":"https:\/\/congopubservice.com\/index.php\/wp-json\/wp\/v2\/comments?post=814"}],"version-history":[{"count":7,"href":"https:\/\/congopubservice.com\/index.php\/wp-json\/wp\/v2\/pages\/814\/revisions"}],"predecessor-version":[{"id":824,"href":"https:\/\/congopubservice.com\/index.php\/wp-json\/wp\/v2\/pages\/814\/revisions\/824"}],"wp:attachment":[{"href":"https:\/\/congopubservice.com\/index.php\/wp-json\/wp\/v2\/media?parent=814"}],"curies":[{"name":"wp","href":"https:\/\/api.w.org\/{rel}","templated":true}]}}